or of 59?
False
Is 533 a multiple of 13?
True
Does 53 divide 265?
True
Is 24 a factor of 120?
True
Does 12 divide 1152?
True
Does 46 divide 2760?
True
Does 56 divide 402?
False
Is 1583 a multiple of 5?
False
Does 12 divide 15802?
False
Is 93 a multiple of 4?
False
Is 4576 a multiple of 52?
True
Is 11 a factor of 10458?
False
Is 7962 a multiple of 53?
False
Is 14 a factor of 511?
False
Is 5078 a multiple of 62?
False
Is 4 a factor of 281?
False
Is 38 a factor of 2698?
True
Is 15 a factor of 499?
False
Is 655 a multiple of 5?
True
Does 14 divide 10234?
True
Is 2192 a multiple of 94?
False
Does 270 divide 99254?
False
Is 251 a multiple of 4?
False
Is 11 a factor of 1725?
False
Is 18 a factor of 378?
True
Is 10 a factor of 631?
False
Is 4588 a multiple of 62?
True
Is 40 a factor of 33149?
False
Is 23 a factor of 575?
True
Is 17 a factor of 16177?
False
Is 37 a factor of 23497?
False
Does 18 divide 5814?
True
Does 24 divide 1095?
False
Is 101889 a multiple of 224?
False
Is 8091 a multiple of 29?
True
Is 11951 a multiple of 43?
False
Is 13 a factor of 1001?
True
Is 681 a multiple of 67?
False
Is 12 a factor of 132?
True
Is 4 a factor of 223?
False
Does 11 divide 222?
False
Is 25 a factor of 9700?
True
Is 16 a factor of 3408?
True
Is 17 a factor of 221?
True
Does 26 divide 1741?
False
Is 31750 a multiple of 11?
False
Does 31 divide 14787?
True
Does 89 divide 835?
False
Does 10 divide 83470?
True
Is 5 a factor of 1628?
False
Is 2746 even?
True
Is 4 a factor of 926?
False
Does 41 divide 943?
True
Does 25 divide 550?
True
Is 17 a factor of 1615?
True
Is 190 a multiple of 5?
True
Is 1156 a multiple of 7?
False
Is 14 a factor of 10416?
True
Is 2130 a multiple of 81?
False
Does 203 divide 50720?
False
Is 234 a factor of 83186?
False
Is 8773 a multiple of 8?
False
Is 21 a factor of 8820?
True
Is 16 a factor of 398?
False
Is 13 a factor of 1738?
False
Does 16 divide 576?
True
Is 2510 a multiple of 19?
False
Is 2473 a multiple of 30?
False
Is 8 a factor of 1768?
True
Is 9 a factor of 201?
False
Does 63 divide 1310?
False
Does 8 divide 3013?
False
Does 29 divide 20416?
True
Is 44 a multiple of 11?
True
Is 10 a factor of 250?
True
Does 92 divide 2576?
True
Is 20 a factor of 93?
False
Does 35 divide 4130?
True
Is 456 a multiple of 6?
True
Is 456 a multiple of 38?
True
Does 43 divide 8944?
True
Is 32 a factor of 4580?
False
Is 7932 a multiple of 122?
False
Is 7535 a multiple of 42?
False
Does 2 divide 359?
False
Is 76 a factor of 1144?
False
Is 112 a multiple of 16?
True
Is 427 a multiple of 61?
True
Does 7 divide 6139?
True
Does 8 divide 752?
True
Is 156 a multiple of 39?
True
Is 1029 a multiple of 2?
False
Does 66 divide 696?
False
Does 31 divide 3410?
True
Does 3 divide 39?
True
Does 20 divide 5362?
False
Is 50 a factor of 47200?
True
Is 79 a factor of 8980?
False
Does 15 divide 2366?
False
Is 3 a factor of 2047?
False
Is 16 a factor of 2995?
False
Is 11 a factor of 1760?
True
Is 25 a factor of 475?
True
Is 317 a multiple of 14?
False
Is 147 a multiple of 5?
False
Is 21645 a multiple of 13?
True
Does 24 divide 2982?
False
Is 9 a factor of 1935?
True
Is 24 a factor of 1689?
False
Does 26 divide 2886?
True
Does 107 divide 17257?
False
Does 12 divide 60?
True
Does 3 divide 572?
False
Does 170 divide 170?
True
Is 46759 a multiple of 23?
True
Is 33 a factor of 16962?
True
Is 234 even?
True
Does 4 divide 3369?
False
Is 12 a factor of 916?
False
Is 22 a factor of 573?
False
Does 41 divide 2236?
False
Is 7 a factor of 39?
False
Is 1456 a multiple of 16?
True
Is 10 a factor of 682?
False
Does 3 divide 206?
False
Does 9 divide 596?
False
Does 14 divide 1395?
False
Does 72 divide 22248?
True
Is 6700 a multiple of 25?
True
Is 2232 a multiple of 26?
False
Does 24 divide 1634?
False
Does 16 divide 11544?
False
Does 209 divide 17649?
False
Is 17193 a multiple of 12?
False
Is 221 even?
False
Does 78 divide 24769?
False
Does 61 divide 305?
True
Does 129 divide 1896?
False
Is 2435 a multiple of 33?
False
Does 44 divide 2335?
False
Does 34 divide 1123?
False
Does 228 divide 7980?
True
Is 339 a multiple of 30?
False
Is 588 a multiple of 147?
True
Is 125 a multiple of 8?
False
Is 82 a factor of 2296?
True
Does 21 divide 3389?
False
Is 684 a multiple of 18?
True
Does 44 divide 216?
False
Does 15 divide 3375?
True
Is 42 a factor of 6930?
True
Does 14 divide 756?
True
Does 9 divide 173?
False
Is 639 a multiple of 2?
False
Is 12 a factor of 57888?
True
Is 13 a factor of 2806?
False
Is 11025 a multiple of 21?
True
Is 24 a factor of 9196?
False
Is 44 a factor of 2332?
True
Is 82 a factor of 819?
False
Is 2 a factor of 3483?
False
Is 43 a factor of 20769?
True
Is 3428 a multiple of 8?
False
Does 126 divide 997?
False
Is 179 a multiple of 8?
False
Is 12 a factor of 24043?
False
Does 44 divide 7304?
True
Does 5 divide 175?
True
Does 16 divide 32352?
True
Does 9 divide 1247?
False
Does 21 divide 671?
False
Is 1155 a multiple of 21?
True
Does 20 divide 2860?
True
Does 106 divide 6784?
True
Is 3745 a multiple of 36?
False
Does 20 divide 100?
True
Is 29 a factor of 913?
False
Does 60 divide 6540?
True
Does 11 divide 9581?
True
Is 88 a multiple of 11?
True
Is 28 a factor of 308?
True
Is 35 a factor of 65646?
False
Is 176 a multiple of 9?
False
Is 46200 a multiple of 231?
True
Does 90 divide 2430?
True
Is 3428 a multiple of 4?
True
Does 50 divide 650?
True
Does 23 divide 582?
False
Is 1398 a multiple of 11?
False
Does 31 divide 62?
True
Is 450 a multiple of 11?
False
Is 20 a factor of 2230?
False
Is 4 a factor of 137?
False
Is 387 a multiple of 129?
True
Does 115 divide 41860?
True
Is 22048 a multiple of 212?
True
Does 2 divide 23713?
False
Does 14 divide 966?
True
Does 56 divide 1341?
False
Is 48 a factor of 22416?
True
Is 34916 a multiple of 28?
True
Does 6 divide 84?
True
Does 16 divide 5680?
True
Does 11 divide 606?
False
Does 131 divide 524?
True
Is 3 a factor of 127?
False
Is 8282 a multiple of 200?
False
Is 83245 a multiple of 120?
False
Is 133 a multiple of 7?
True
Is 14 a factor of 72?
False
Does 4 divide 9?
False
Does 5 divide 1603?
False
Is 838 a multiple of 6?
False
Is 170 a factor of 2380?
True
Is 52 a factor of 832?
True
Does 56 divide 12223?
False
Is 9 a factor of 9390?
False
Is 25094 a multiple of 25?
False
Does 45 divide 3465?
True
Is 752 a multiple of 26?
False
Does 21 divide 13940?
False
Is 75 a factor of 49647?
False
Is 1134 a multiple of 27?
True
Does 36 divide 1015?
False
Is 18 a factor of 5401?
False
Is 42 a factor of 871?
False
Is 44 a factor of 50?
False
Does 9 divide 451?
False
Is 41385 a multiple of 59?
False
Is 9538 a multiple of 38?
True
Is 5 a factor of 2718?
False
Does 30 divide 660?
True
Is 46 a factor of 113563?
False
Is 10 a factor of 15280?
True
Is 12 a factor of 611?
False
Is 1750 a multiple of 35?
True
Does 22 divide 1474?
True
Is 4067 a multiple of 83?
True
Is 56 a factor of 43344?
True
Is 100 a factor of 10600?
True
Is 31 a factor of 55769?
True
Does 4 divide 149?
False
Is 13 a factor of 9858?
False
Is 29 a factor of 478?
False
Does 18 divide 1836?
True
Is 28 even?
True
Does 9 divide 485?
False
Is 237 a multiple of 3?
True
Is 21252 a multiple of 84?
True
Is 24 a factor of 816?
True
Does 12 divide 36900?
True
Is 163 a multiple of 90?
False
Is 32447 a multiple of 137?
False
Does 19 divide 1892?
False
Does 63 divide 4233?
False
Is 1997 a multiple of 13?
False
Is 61 a factor of 650?
False
Does 43 divide 371?
False
Is 540 a multiple of 30?
True
Does 38 divide 4555?
False
Does 56 divide 2372?
False
Does 144 divide 7617?
False
Is 5341 a multiple of 109?
True
Is 14 a factor of 10024?
True
Does 30 divide 870?
True
Does 5 divide 1154?
False
Is 10153 a multiple of 59?
False
Does 2 divide 1970?
True
Is 68 a factor of 1107?
False
Is 13221 a multiple of 21?
False
Is 567 a multiple of 9?
True
Is 9 a factor of 337?
False
Does 196 divide 27244?
True
Does 3 divide 567?
True
Is 67 a factor of 1474?
True
Is 1042 a multiple of 9?
False
Does 125 divide 33810?
False
Does 54 divide 1568?
False
Is 98 a factor of 1274?
True
Is 105 a multiple of 4?
False
Does 16 divide 4576?
True
Is 22 a factor of 11877?
False
Does 10 divide 1190?
True
Is 2052 a multiple of 18?
True
Is 25110 a multiple of 15?
True
Does 56 divide 1456?
True
Does 13 divide 104?
True
Does 2 divide 840?
True
Is 7697